u + 23 = 4*n, 3*u + 0*n - 3*n + 6 = 0. Suppose -u*w - 12 = -18. List the prime factors of k(w).
7, 11
Suppose -162 - 113 = 5*p. Let f = 60 + p. Suppose -f*x = 0, -2*g + 2*x = -3*x - 390. List the prime factors of g.
3, 5, 13
Let q(c) = -220*c + 338. Let p(a) = -74*a + 113. Let x(f) = 17*p(f) - 6*q(f). What are the prime factors of x(8)?
389
Let o = -2680 + 17677. List the prime factors of o.
3, 4999
Let h(n) = -265*n + 16 - 47 + 69. What are the prime factors of h(-2)?
2, 71
Let x(s) = -10351*s + 171. What are the prime factors of x(-3)?
2, 3, 1301
Let p = -370 + 593. Suppose -3*a + p = -242. What are the prime factors of a?
5, 31
Let v(z) = 1071*z - 6635. What are the prime factors of v(55)?
2, 5, 5227
Suppose -182 = -10*k + 18. List the prime factors of (-2233)/(-4) + (-5)/k.
2, 3, 31
Let u(f) = 57*f**2 + 5*f + 23. Let t be (-32*(-6)/120)/((-2)/5). List the prime factors of u(t).
3, 5, 61
Let u = 2419 + -295. Suppose -5*z + u = -1241. What are the prime factors of z?
673
Suppose -13*l = 12*l - 11225. Let t = 89 + l. List the prime factors of t.
2, 269
Suppose -13*j = 34 - 8. List the prime factors of 22/12 + j + 28089/54.
2, 5, 13
Suppose -77*j + 83*j = 240. Suppose 19 = -7*t + j. Suppose t*h + 0*h = 6, 3*k + h - 770 = 0. List the prime factors of k.
2
Suppose -5*r + 60 = -2*u - 27, -4*r - 2*u = -66. Suppose r*z - 1918 = 14*z + 4*j, 5*z - 3*j - 3193 = 0. What are the prime factors of z?
2, 11, 29
Suppose 0 = -4*b + b + 3. Let o(g) = 165*g**3 - 10*g**2 + g + 2. Let x(y) = 83*y**3 - 4*y**2 + 1. Let f(t) = -2*o(t) + 5*x(t). List the prime factors of f(b).
2, 3, 7
Let x(s) = 4*s**2 - 40*s + 21. Suppose -7*y = 8*y - 270. What are the prime factors of x(y)?
3, 199
Let m(o) = 102 + 88*o + 63 - 227*o. List the prime factors of m(-6).
3, 37
Let g = 78 - 76. Suppose 0*k - k = -g. Suppose 0*t - 2*t = -p - 186, -t = -k*p - 96. What are the prime factors of t?
2, 23
Suppose -3 = 4*w + 37. What are the prime factors of (-125)/w*(-236)/(-10)?
5, 59
Let q(m) = 287*m**2 + 1. Let a be q(1). Suppose -3127*c - 140 = -3125*c. Let z = c + a. List the prime factors of z.
2, 109
Suppose 4*i - 5*i - 8 = 0. Let q be (i/(0 + 2))/(6/6). List the prime factors of q + (-205)/(-5)*4.
2, 5
Let h(v) = -10*v**3 - 2*v**2 - 4*v - 2. Let q be h(-1). Suppose -l + 1452 = q*l. List the prime factors of l.
2, 3, 11
List the prime factors of (-27)/(6/2) - (-57 + -31379).
11, 2857
Suppose -14*j = -17*j - 12. Let g be -4*((-18)/4 - j). Suppose 5*i + g*b = 467, -b - 278 = -4*i + i. What are the prime factors of i?
3, 31
Suppose 2*m + 2*m - 358 = -5*l, l = 6. Let v be 1*(-1)/1*-41. Let f = v + m. What are the prime factors of f?
3, 41
Suppose -z + 0*z = -5*t + 12, 0 = -t - 4*z - 6. Suppose 2*c + 427 = -y + 2*y, -t*y + 2*c = -844. List the prime factors of y.
3, 139
Suppose 2*k + 336 = -k. Let z be -2 - ((-43935)/(-202) - (-6)/(-4)). Let d = k - z. What are the prime factors of d?
2, 53
Let f(w) = 65*w + 292. Let b(v) = v + 3. Let k(o) = -5*b(o) + f(o). What are the prime factors of k(-4)?
37
Let r(l) = -l**3 - 15*l**2 - 3. Let i be r(-15). Let g be (i/(-2))/((-12)/(-1568)). Suppose 5*w - g = 394. List the prime factors of w.
2, 59
Let s(g) = -g + 48. Let f be s(6). Let w be ((-18)/(-63))/(2/f). Let k(q) = 11*q - 38. List the prime factors of k(w).
2, 7
Let p(d) = -d**3 - 15*d**2 - 29*d - 35. Let h be p(-13). Suppose -h*r + 2630 = -3314. List the prime factors of r.
2, 743
Suppose 9*g = 115 - 124. What are the prime factors of ((-21)/(-6) - 3)/(g/(-1532))?
2, 383
Suppose -18*g + 105 = -11*g. Let v(f) = 6*f - 3. Let k be v(2). Let t = k + g. What are the prime factors of t?
2, 3
Let w = -55 + 31. Suppose 9*x = -2*x - 88. Let b = x - w. List the prime factors of b.
2
Suppose 0 = -4*w + 3*o - 10, 5*o + 9 = -1. What are the prime factors of (-655)/(-6) - w/(-24)?
109
Suppose i + 2 = 4*k - 12, -3*i + 33 = 3*k. Let d(z) = 14*z - 10. Let j be d(i). Let p = -39 + j. List the prime factors of p.
5, 7
Suppose 61*d - 1322916 - 884491 = 0. What are the prime factors of d?
36187
Let l(y) = -4*y**3 - y. Let p be l(-1). Suppose -264 = 4*x - 4*f, -x - p*f - 206 = 2*x. Let a = x + 79. List the prime factors of a.
2, 3
Let u be (-59)/(-5) + 14/70. List the prime factors of ((-16)/u)/(-1*6/405).
2, 3, 5
List the prime factors of (-148942)/(-8) - (988/208 - (-6)/(-1)).
43, 433
Let j(i) = 8*i**2 - 8*i + 16. What are the prime factors of j(3)?
2
Let p(z) = 3*z**3 - 40*z**2 - 31*z + 8. List the prime factors of p(20).
2, 1847
Let w(v) = -14*v + 0 + 0*v + 16 - 6*v + 13. List the prime factors of w(-12).
269
Let l(g) = 83*g**2 + 42. What are the prime factors of l(9)?
3, 5, 11, 41
What are the prime factors of (1547 - 1)*(77/(-14))/(5 + -6)?
11, 773
What are the prime factors of 2459/((-2)/((112/(-1))/7))?
2, 2459
Let r(f) = 237*f**2 - 9*f. Let l be r(7). Suppose -23*b + b + l = 0. List the prime factors of b.
3, 5, 7
Let v = 4882 - 2964. Let r be ((-330)/(-25) - 5) + 60/75. Suppose -5*b + v = r*b. List the prime factors of b.
137
Suppose -2*i = -2*l - 18, 0*i - 3*i + 22 = -2*l. Let f(a) = -a**2 - 3*a + 4. Let m be f(l). List the prime factors of ((-28)/m)/(6/9).
7
Let y = 1040 - 73. Suppose h = -j + 396 - 75, -3*j + h = -y. Suppose 0 = 7*o - j - 420. What are the prime factors of o?
2, 53
Suppose 102185 + 2011 = 19*x. What are the prime factors of x?
2, 3, 457
Let j be (-2)/5*(4 + (-60 - 4)). Let d(n) = -n**3 + 25*n**2 + 7*n + 7. List the prime factors of d(j).
751
Suppose -10 = 3*b - b. Let f be 3 + (-450)/b - 2. Suppose -6*s + 5*s = -f. What are the prime factors of s?
7, 13
Let m be 1 + -199 + 30 + -26. Suppose -5*z = -1926 + 431. Let v = z + m. What are the prime factors of v?
3, 5, 7
Let z = 8394 + -4131. What are the prime factors of z?
3, 7, 29
Suppose 31*y - 233523 = -0*y. What are the prime factors of y?
3, 31
Let j be ((-15)/30)/((-2)/348). Let n = j - 144. Let t = -19 - n. List the prime factors of t.
2, 19
Let a(h) be the first derivative of h**3/3 + 5*h**2 - 79*h + 55. List the prime factors of a(-17).
2, 5
Let u = 5 + 0. Let a be (-5)/(25/(-1855)) - (-36)/9. Suppose -u*r - 5*b = -a, -4*r + 5*b - 4 + 268 = 0. What are the prime factors of r?
71
Suppose 5*u + 16 = 5*p - 4, -5*p = 5*u - 10. Suppose -72 - 138 = -p*y. List the prime factors of y.
2, 5, 7
Let u = 44 + 67. Let m = 62 + u. What are the prime factors of m?
173
Suppose -66*y + 79*y = 130. What are the prime factors of (-1)/((-5984)/(-30090) + (-2)/y)?
3, 5, 59
Let o(u) = u**3 + u**2 + 202. Let f be o(0). Suppose -4*z = -2*d - 2*z + 396, -d + f = -3*z. What are the prime factors of d?
2, 7
Let c be -2*(-4)/(-8)*886. Let l = 1894 + c. Suppose 8*y = -0*y + l. List the prime factors of y.
2, 3, 7
Suppose -z + 127073 = 3*g, -1365*z = 2*g - 1363*z - 84714. List the prime factors of g.
2, 21179
Suppose -34*y - 4*k + 21610 = -31*y, -2*y = 2*k - 14410. List the prime factors of y.
2, 5, 7, 103
Let w be (-25)/(-15) - 2 - (-13)/3. Let j(c) = 8*c**2 - 5*c - 3. Let m(t) = 1. Let g(r) = j(r) + 6*m(r). What are the prime factors of g(w)?
3, 37
Suppose 12*h - 33*h = -11382. Suppose 199 = a + 8*p - 11*p, 3*a - h = -2*p. What are the prime factors of a?
2, 23
Suppose x - 2742 = -8*x + 3*x. List the prime factors of x.
457
Let b be (-1)/2 + (-22)/4. Let h = -3717 - -3755. Let w = b + h. List the prime factors of w.
2
Let f(h) = -3*h**3 + 124*h**2 - 66*h - 96. What are the prime factors of f(39)?
3, 2659
What are the prime factors of 15898/2 + 702/(-117)?
13, 47
Let o(z) = z - 18. Let s be o(20). Suppose -4*g + 200 = 5*h, -s*h - 100 = -2*g + 3*h. Suppose -4*m + 138 = -g. What are the prime factors of m?
47
Let o be (-27 + 196)*(0/2 + (-4 - -2)). Suppose 0 = 4*v - 3*n + 2544, -2*v - 783 = -3*n + 495. Let r = o - v. What are the prime factors of r?
5, 59
Let d(i) = 9*i + 35. Let b be d(-4). Let r be 3*16 + (-5)/b + -2. Let f = 105 - r. List the prime factors of f.
2, 3
Let g(j) = j**3 + 2*j**2 + 1. Let x be g(2). Suppose 0 = x*d - 7663 - 2452. What are the prime factors of d?
5, 7, 17
Suppose -186*s = -14*s - 2548868. List the prime factors of s.
7, 29, 73
Let s(h) = -6*h**3 + 21*h**2 + 12*h + 70. List the prime factors of s(-10).
2, 5, 7, 23
Let u(a) = -a**3 - 6*a**2 + 27*a - 1. Let w be u(-9). List the prime factors of (-8)/(-6) + w + (-27056)/(-57).
5, 1